
15
Suppose -25 = 4*s + 5*f - 116, -3*s + 77 = -5*f. Suppose 5*u + 2*q = s, 3 = 3*u - 3*q - 3. Calculate the remainder when 5 is divided by u.
1
Let m = 331 - 232. Calculate the remainder when m is divided by 25.
24
Suppose -3*w + 58 = 2*b - 6*w, 3*b = -5*w + 125. Suppose 6*o - 2*o - 72 = 0. Let u = -6 + o. What is the remainder when b is divided by u?
11
Suppose 4*u - 9 + 113 = 4*q, 0 = -q - u + 24. What is the remainder when q is divided by ((-2)/(-4))/(2/52)?
12
Let q be 5*7/(70/72). Suppose -8 = -2*a + q. What is the remainder when a is divided by 8?
6
Let r(a) = -a**2 - 10*a - 1 - 2 - 9 + 0. Suppose -3*h + 16 = -2. What is the remainder when h is divided by r(-8)?
2
Let w = 129 + -114. Suppose -9 = -2*n - 1. What is the remainder when w is divided by n?
3
Suppose 0*q + 65 = q. Calculate the remainder when q is divided by 22.
21
What is the remainder when ((8/(-3))/8)/((-3)/774) is divided by 18?
14
Let n(k) = k**3 + 9*k**2 + 10*k + 7. Calculate the remainder when n(-7) is divided by (-4)/(-14) - 244/(-28).
8
Let i(s) = 4*s**3 + s**2 - s + 3. Let p(q) = -q**3 - q. Let m(v) = -i(v) - 3*p(v). What is the remainder when 114 is divided by m(-4)?
27
Let w = 264 - 102. Suppose -50 = 4*x - w. Suppose -5*f = -72 - 3. Calculate the remainder when x is divided by f.
13
Suppose 6*u - 4*u + 27 = a, -u - 3 = 3*a. Let h(d) = -4*d - 15. Calculate the remainder when h(u) is divided by 17.
16
Let i = 22 - 14. Let b(j) be the third derivative of j**4/24 + j**3/6 - j**2. Calculate the remainder when i is divided by b(4).
3
Suppose -4*o - o - 15 = 0. Let x = o + 28. Suppose 0 = 4*s - 47 - x. Calculate the remainder when 53 is divided by s.
17
What is the remainder when 195 is divided by (660/8)/5*2?
30
Let l be 2*(-1)/2 - -8. Suppose -l = -2*i + i. Let c = 30 - 10. Calculate the remainder when c is divided by i.
6
Suppose -13 = -2*h - 10*k + 5*k, 5*h - k - 19 = 0. Calculate the remainder when 15 - 2 - (0 + -1) is divided by h.
2
Calculate the remainder when (-4)/6 - 749/(-21) is divided by 9.
8
Let q(b) = -b + 3. Suppose 5*g + 5*z - 36 + 1 = 0, 20 = 3*g + 2*z. What is the remainder when q(-8) is divided by g?
5
Suppose -2*d + 12 = -4. Calculate the remainder when (-206)/(-10) - 2/(-5) is divided by d.
5
Suppose -2*d + 0*d = -72. Calculate the remainder when 106 is divided by d.
34
Let k = -68 - -123. What is the remainder when k is divided by 19?
17
Let k(p) = p**2 - 8*p + 11. Let u be k(9). Let x = u + -2. Calculate the remainder when 52 is divided by x.
16
Let q = -5 - -11. Suppose -15 = -3*k + q. Let m(z) = 4*z**2 - 3*z - 3. Calculate the remainder when m(-2) is divided by k.
5
Suppose m = 5, -2*m + 30 = 3*p + m. Let c(t) = -t**2 - 3*t - 1. Let r be c(-2). What is the remainder when (-16)/(-2) + (2 - r) is divided by p?
4
Suppose 3*x + 0*x + a - 124 = 0, 0 = -5*x + 3*a + 202. Let s = 57 - 36. Calculate the remainder when x is divided by s.
20
Let k = 5 - 0. Suppose -5*x = k*u - 5, x - 3 = u - 2. Suppose u = 2*f - 8 - 4. Calculate the remainder when 16 is divided by f.
4
Let y = 8 + 19. Let d(o) = o**3 - 9*o**2 + 8*o + 10. What is the remainder when y is divided by d(8)?
7
Let n(g) = -g**2 + 18*g - 30. Suppose 3*p - 8*p + 20 = 5*l, -3*p = -4*l - 12. Suppose l*o = -2*o + 24. What is the remainder when n(13) is divided by o?
11
Let r be (13 - 3/(-3))*1. Let u = r - 8. What is the remainder when 10 is divided by u?
4
Let o = 8 + 0. Calculate the remainder when 30 is divided by o.
6
Let j(o) = -35*o + 3. Let q be j(-4). Suppose -5*b - 16 = -a, 5*a - 3*b - b - q = 0. Let v = a + -16. Calculate the remainder when 44 is divided by v.
14
Let b = 1 + -1. Let p = 56 + -5. Suppose -p = -2*i - 3*v + 59, 5*i - v - 292 = b. Calculate the remainder when i is divided by 20.
18
Let l = 4 + 0. Suppose 3*a + 2*a = 250. Suppose 4*q - a = -2*f, l*q - 1 = 5*q - 4*f. What is the remainder when q is divided by 6?
5
Suppose 3*b + 7 = 4*b. What is the remainder when b is divided by 3?
1
Let n(x) = -19*x - 5. What is the remainder when n(-2) is divided by 17?
16
Let c = -50 + 103. What is the remainder when c is divided by 18?
17
Let w(b) = 2*b + 44. Calculate the remainder when w(-12) is divided by 11.
9
Let n = 26 - 9. Suppose 2*s = -5*j - n, 4*j + 2*s + 11 = 3*s. Calculate the remainder when ((-4)/2 - j)*23 is divided by 6.
5
Let i = -30 + 51. Let f = 33 - i. What is the remainder when 22 is divided by f?
10
Let c be (-1)/4 - 2/(-8). Let w = 2 - c. Suppose 2*b + 4*a = 86, -67 = -3*b + w*a + 38. What is the remainder when b is divided by 13?
11
Let m = -48 + 73. Let w = m + 32. Suppose 3*r = -0*r + w. What is the remainder when r is divided by 10?
9
Let w = 59 + -31. Suppose i - 6 = -0*i. Suppose 3*f - i = 3*m - 21, 5*f = m + 15. Calculate the remainder when w is divided by m.
8
Suppose -y + 10 = y, -f - y + 27 = 0. What is the remainder when f is divided by 9?
4
Let u(h) = -h**3 - 7*h**2 + 6*h + 7. Let j(d) = -3 - 3*d + 3 - d. Calculate the remainder when u(-8) is divided by j(-3).
11
What is the remainder when 9 is divided by 10*(-4 - (-18)/4)?
4
Suppose -26 = -3*n + 2*t - t, t = -n + 2. Calculate the remainder when n is divided by 3.
1
Let d(l) = l + 15. Let h be d(-9). Suppose -2*t = -h*t + 56. What is the remainder when 55 is divided by t?
13
Let p = -137 - -256. What is the remainder when p is divided by 41?
37
Let a = 28 + -26. Calculate the remainder when 3 is divided by a.
1
Let f(p) = 12*p - 1. What is the remainder when f(3) is divided by 18?
17
Let c(n) = n**3 - 22*n**2 + 49*n - 12. Calculate the remainder when c(20) is divided by 17.
15
Let s(m) = m**2 + 4*m - 3. Let o be 0/(-1) + -3 - -6. What is the remainder when 70 is divided by s(o)?
16
Let f be -4 + 6 + (-75)/1. Let r = -48 - f. What is the remainder when (-203)/(-5) - (-10)/r is divided by 14?
13
Suppose 0 = -6*f + 3*f + 48. Let c(a) = a**3 - 14*a**2 + 16*a - 9. Calculate the remainder when c(13) is divided by f.
14
Let z be ((-24)/20)/((-6)/160). Suppose 4*h - 5*h = -z. Calculate the remainder when 14 is divided by h/4*(2 + -1).
6
What is the remainder when 109 is divided by 6/10 + (-335)/(-25)?
11
Let n = -14 - -52. Suppose 2*t + 2*t = 4*f - 12, 0 = -4*f - 4*t - 12. Suppose -3*s - 6 + 66 = f. What is the remainder when n is divided by s?
18
Let d = 25 + 1. Suppose 3*n + 5*f + 7 = 0, -3*n + 5*f - 13 = 4*f. What is the remainder when d is divided by n/6 + (-29)/(-3)?
8
Calculate the remainder when ((-144)/(-2))/4 + -2 is divided by 5.
1
Suppose 81*o = 79*o + 54. What is the remainder when o is divided by 17?
10
Suppose 0 = 2*d - 0*d + 2*r - 256, 266 = 2*d - 3*r. Calculate the remainder when d is divided by 44.
42
Let g = -13 - -19. Let n = -12 - -8. Let j = g + n. Calculate the remainder when 4 is divided by j.
0
Let o(q) = q**2 - 4*q - 4. What is the remainder when 30 is divided by o(6)?
6
Let v = -26 + 37. What is the remainder when 21 is divided by v?
10
Suppose -4*k = -4*g, -13 = 3*g - 5*k - 3. Let i = g + -5. Let w = i + 7. What is the remainder when w is divided by 3?
1
Suppose 7*z - 60 = 4*z. Suppose 0 = n - z - 6. Let q = 4 - -10. What is the remainder when n is divided by q?
12
Let u = 91 - 56. What is the remainder when u is divided by 20?
15
Let p be (-1 - -1)*4/12. Suppose p = 3*j - 8*j + 65. What is the remainder when j is divided by 4?
1
Let l = -71 - -142. What is the remainder when l is divided by 9?
8
Let d = -89 + 111. Let u(t) = -t**2 + 7*t + 2. Calculate the remainder when d is divided by u(6).
6
Suppose -3*t + 5*m = -64, -4*t + 127 = 5*m + 30. What is the remainder when t is divided by 13?
10
Suppose -2*g + f + 12 = -4, -3*f - 42 = -5*g. Let p = g - 10. Calculate the remainder when (3/p)/((-2)/72) is divided by 14.
13
What is the remainder when 21 is divided by 3 + (-1 + 10 - 4)?
5
Let a(h) = -h**2 - 4. Let l be a(-3). Let z = 4 - l. What is the remainder when 66 is divided by z?
15
Let q = -68 - -48. Let n = 13 + q. Let w = 14 + n. What is the remainder when 13 is divided by w?
6
Let x(g) = 62*g**3 + 2*g**2 - g. What is the remainder when x(1) is divided by 16?
15
Let u(p) = 6*p + 74. Let v(n) = n**2 - n + 3. What is the remainder when v(0) is divided by u(-12)?
1
Let q = 0 - -3. Suppose -2*h = -3*n - 5*h + 51, 4*n - 63 = -q*h. Suppose 3*x - 4*f = 109, 5*x - 2*x - 5*f = 110. What is th